 the prime factors of 1536?
2, 3
List the prime factors of 3777.
3, 1259
List the prime factors of 1405.
5, 281
What are the prime factors of 52326?
2, 3, 17, 19
List the prime factors of 5739.
3, 1913
What are the prime factors of 54266?
2, 43, 631
List the prime factors of 1360.
2, 5, 17
What are the prime factors of 727?
727
List the prime factors of 105612.
2, 3, 13, 677
What are the prime factors of 8521?
8521
List the prime factors of 17850.
2, 3, 5, 7, 17
What are the prime factors of 3802?
2, 1901
List the prime factors of 2516.
2, 17, 37
List the prime factors of 9801.
3, 11
List the prime factors of 7285.
5, 31, 47
What are the prime factors of 4018?
2, 7, 41
List the prime factors of 708.
2, 3, 59
What are the prime factors of 4398?
2, 3, 733
List the prime factors of 54028.
2, 13, 1039
List the prime factors of 32946.
2, 3, 17, 19
List the prime factors of 1425.
3, 5, 19
What are the prime factors of 1645?
5, 7, 47
What are the prime factors of 100520?
2, 5, 7, 359
What are the prime factors of 2839?
17, 167
List the prime factors of 23593.
23593
List the prime factors of 33960.
2, 3, 5, 283
List the prime factors of 1755.
3, 5, 13
List the prime factors of 56.
2, 7
List the prime factors of 2352.
2, 3, 7
What are the prime factors of 750?
2, 3, 5
List the prime factors of 1174.
2, 587
What are the prime factors of 76142?
2, 11, 3461
List the prime factors of 3024.
2, 3, 7
List the prime factors of 564.
2, 3, 47
List the prime factors of 34604.
2, 41, 211
List the prime factors of 50762.
2, 17, 1493
What are the prime factors of 14709?
3, 4903
What are the prime factors of 110470?
2, 5, 11047
List the prime factors of 8702.
2, 19, 229
What are the prime factors of 21152?
2, 661
List the prime factors of 3058.
2, 11, 139
What are the prime factors of 107910?
2, 3, 5, 11, 109
List the prime factors of 743.
743
List the prime factors of 74451.
3, 13, 23, 83
What are the prime factors of 82?
2, 41
List the prime factors of 4098.
2, 3, 683
List the prime factors of 94.
2, 47
What are the prime factors of 5587?
37, 151
What are the prime factors of 11185?
5, 2237
What are the prime factors of 11960?
2, 5, 13, 23
List the prime factors of 1184.
2, 37
List the prime factors of 2961.
3, 7, 47
What are the prime factors of 1030?
2, 5, 103
List the prime factors of 2950.
2, 5, 59
What are the prime factors of 66334?
2, 17, 1951
What are the prime factors of 52266?
2, 3, 31, 281
List the prime factors of 2998.
2, 1499
List the prime factors of 8953.
7, 1279
What are the prime factors of 3464?
2, 433
What are the prime factors of 1138?
2, 569
List the prime factors of 9449.
11, 859
List the prime factors of 2015.
5, 13, 31
What are the prime factors of 3687?
3, 1229
List the prime factors of 8858.
2, 43, 103
What are the prime factors of 52?
2, 13
What are the prime factors of 3534?
2, 3, 19, 31
What are the prime factors of 13175?
5, 17, 31
List the prime factors of 8193.
3, 2731
List the prime factors of 4288.
2, 67
What are the prime factors of 12385?
5, 2477
What are the prime factors of 14687?
19, 773
What are the prime factors of 33852?
2, 3, 7, 13, 31
List the prime factors of 3357.
3, 373
What are the prime factors of 43603?
7, 6229
What are the prime factors of 6963?
3, 11, 211
List the prime factors of 61052.
2, 15263
What are the prime factors of 1582?
2, 7, 113
What are the prime factors of 704?
2, 11
List the prime factors of 4833.
3, 179
What are the prime factors of 787?
787
List the prime factors of 2400.
2, 3, 5
List the prime factors of 19246.
2, 9623
List the prime factors of 3018.
2, 3, 503
List the prime factors of 15136.
2, 11, 43
What are the prime factors of 12691?
7, 37
List the prime factors of 247.
13, 19
What are the prime factors of 1645?
5, 7, 47
What are the prime factors of 1199?
11, 109
List the prime factors of 1243.
11, 113
What are the prime factors of 2758?
2, 7, 197
What are the prime factors of 4601?
43, 107
What are the prime factors of 12417?
3, 4139
What are the prime factors of 33240?
2, 3, 5, 277
What are the prime factors of 18022?
2, 9011
List the prime factors of 1508.
2, 13, 29
List the prime factors of 9585.
3, 5, 71
What are the prime factors of 288?
2, 3
What are the prime factors of 146414?
2, 19, 3853
What are the prime factors of 45288?
2, 3, 17, 37
List the prime factors of 1275.
3, 5, 17
List the prime factors of 10008.
2, 3, 139
List the prime factors of 39994.
2, 19997
What are the prime factors of 4840?
2, 5, 11
What are the prime factors of 12871?
61, 211
List the prime factors of 13009.
13009
List the prime factors of 1299.
3, 433
List the prime factors of 3881.
3881
List the prime factors of 14229.
3, 17, 31
What are the prime factors of 68718?
2, 3, 13, 881
What are the prime factors of 30220?
2, 5, 1511
List the prime factors of 32454.
2, 3, 601
What are the prime factors of 11734?
2, 5867
List the prime factors of 21968.
2, 1373
What are the prime factors of 727?
727
List the prime factors of 13326.
2, 3, 2221
What are the prime factors of 122?
2, 61
What are the prime factors of 62661?
3, 20887
List the prime factors of 3430.
2, 5, 7
What are the prime factors of 1377?
3, 17
List the prime factors of 4168.
2, 521
List the prime factors of 2468.
2, 617
What are the prime factors of 40423?
40423
What are the prime factors of 14983?
14983
What are the prime factors of 30617?
17, 1801
What are the prime factors of 30756?
2, 3, 11, 233
What are the prime factors of 37451?
17, 2203
List the prime factors of 647.
647
List the prime factors of 24673.
11, 2243
What are the prime factors of 51?
3, 17
List the prime factors of 754.
2, 13, 29
List the prime factors of 13847.
61, 227
List the prime factors of 22302.
2, 3, 7, 59
List the prime factors of 1329.
3, 443
What are the prime factors of 4884?
2, 3, 11, 37
List the prime factors of 5943.
3, 7, 283
What are the prime factors of 34629?
3, 7, 17, 97
List the prime factors of 88410.
2, 3, 5, 7, 421
List the prime factors of 28073.
67, 419
What are the prime factors of 1883?
7, 269
List the prime factors of 7718.
2, 17, 227
List the prime factors of 1334.
2, 23, 29
List the prime factors of 5222.
2, 7, 373
List the prime factors of 43920.
2, 3, 5, 61
What are the prime factors of 40400?
2, 5, 101
What are the prime factors of 38211?
3, 47, 271
List the prime factors of 9007.
9007
What are the prime factors of 1538?
2, 769
What are the prime factors of 4692?
2, 3, 17, 23
What are the prime factors of 158132?
2, 13, 3041
List the prime factors of 6243.
3, 2081
List the prime factors of 7999.
19, 421
What are the prime factors of 11933?
11933
What are the prime factors of 4559?
47, 97
List the prime factors of 15420.
2, 3, 5, 257
What are the prime factors of 74013?
3, 24671
What are the prime factors of 24068?
2, 11, 547
What are the prime factors of 2106?
2, 3, 13
List the prime factors of 25878.
2, 3, 19, 227
List the prime factors of 49553.
7, 7079
List the prime factors of 2232.
2, 3, 31
List the prime factors of 1399.
1399
What are the prime factors of 2249?
13, 173
List the prime factors of 12323.
12323
What are the prime factors of 1368?
2, 3, 19
What are the prime factors of 72524?
2, 18131
What are the prime factors of 1988?
2, 7, 71
List the prime factors of 601.
601
What are the prime factors of 917?
7, 131
List the prime factors of 35336.
2, 7, 631
What are the prime factors of 60435?
3, 5, 17, 79
List the prime factors of 395.
5, 79
What are the prime factors of 10332?
2, 3, 7, 41
What are the prime factors of 1025?
5, 41
List the prime factors of 197.
197
List the prime factors of 2116.
2, 23
What are the prime factors of 6379?
6379
What are the prime factors of 1378?
2, 13, 53
List the prime factors of 580.
2, 5, 29
What are the prime factors of 40072?
2, 5009
List the prime factors of 173838.
2, 3, 7, 4139
What are the prime factors of 169?
13
List the prime factors of 643.
643
What are the prime factors of 15290?
2, 5, 11, 139
List the prime factors of 2949.
3, 983
List the prime factors of 6993.
3, 7, 37
List the prime factors of 18848.
2, 19, 31
List the prime factors of 5996.
2, 1499
What are the prime factors of 2683?
2683
What are the prime factors of 1037?
17, 61
List the prime factors of 37784.
2, 4723
List the p